{"id":55,"date":"2018-05-30T08:00:35","date_gmt":"2018-05-30T08:00:35","guid":{"rendered":"http:\/\/mose-puerner.de\/adventisten\/wordpress\/?page_id=55"},"modified":"2022-01-13T19:35:55","modified_gmt":"2022-01-13T18:35:55","slug":"adventjugend","status":"publish","type":"page","link":"https:\/\/adventisten-neuburg.de\/?page_id=55","title":{"rendered":"Adventjugend"},"content":{"rendered":"<p><center><span style=\"color: 6bbcfe;\"><strong>Kurze Vorstellung&#8230;<\/strong><\/span><\/center><\/p>\n<p align=\"LEFT\">Ja, wer sind wir? Wir sind eine Jugendgruppe (Adventjugend) bei der sich jeder wohl f\u00fchlen soll. Wir glauben an einen LEBENDIGEN GOTT und wollen nicht nur \u00fcber Christsein quatschen sondern viel mehr christlich den Alltag leben!<\/p>\n<p align=\"JUSTIFY\">Diese Einstellung halten wir f\u00fcr so wichtig, dass wir es nicht f\u00fcr uns behalten wollen! Wir sind \u00fcberzeugt, dass der Gott der uns alle erschaffen hat auch am besten wei\u00df, wie wir miteinander umgehen sollen.<\/p>\n<p align=\"JUSTIFY\">Dazu hat er uns auch eine lebendige \u201cGebrauchsanweisung\u201d hinterlassen -&gt; Das Leben von Jesus Christus.<\/p>\n<p align=\"JUSTIFY\">\n","protected":false},"excerpt":{"rendered":"<p>Kurze Vorstellung&#8230; Ja, wer sind wir? Wir sind eine Jugendgruppe (Adventjugend) bei der sich jeder wohl f\u00fchlen soll. Wir glauben an einen LEBENDIGEN GOTT und wollen nicht nur \u00fcber Christsein quatschen sondern viel mehr christlich den Alltag leben! Diese Einstellung halten wir f\u00fcr so wichtig, dass wir es nicht f\u00fcr uns behalten wollen! Wir sind &hellip; <a href=\"https:\/\/adventisten-neuburg.de\/?page_id=55\">Continued<\/a><\/p>\n","protected":false},"author":1,"featured_media":0,"parent":0,"menu_order":0,"comment_status":"closed","ping_status":"closed","template":"","meta":[],"class_list":["post-55","page","type-page","status-publish","hentry","odd"],"_links":{"self":[{"href":"https:\/\/adventisten-neuburg.de\/index.php?rest_route=\/wp\/v2\/pages\/55","targetHints":{"allow":["GET"]}}],"collection":[{"href":"https:\/\/adventisten-neuburg.de\/index.php?rest_route=\/wp\/v2\/pages"}],"about":[{"href":"https:\/\/adventisten-neuburg.de\/index.php?rest_route=\/wp\/v2\/types\/page"}],"author":[{"embeddable":true,"href":"https:\/\/adventisten-neuburg.de\/index.php?rest_route=\/wp\/v2\/users\/1"}],"replies":[{"embeddable":true,"href":"https:\/\/adventisten-neuburg.de\/index.php?rest_route=%2Fwp%2Fv2%2Fcomments&post=55"}],"version-history":[{"count":0,"href":"https:\/\/adventisten-neuburg.de\/index.php?rest_route=\/wp\/v2\/pages\/55\/revisions"}],"wp:attachment":[{"href":"https:\/\/adventisten-neuburg.de\/index.php?rest_route=%2Fwp%2Fv2%2Fmedia&parent=55"}],"curies":[{"name":"wp","href":"https:\/\/api.w.org\/{rel}","templated":true}]}}