{"id":11,"date":"2018-05-28T10:34:25","date_gmt":"2018-05-28T10:34:25","guid":{"rendered":"http:\/\/mose-puerner.de\/adventisten\/wordpress\/?page_id=11"},"modified":"2022-09-27T15:46:11","modified_gmt":"2022-09-27T13:46:11","slug":"11-2","status":"publish","type":"page","link":"https:\/\/adventisten-neuburg.de\/","title":{"rendered":"Startseite"},"content":{"rendered":"<p style=\"text-align: center;\"><img loading=\"lazy\" decoding=\"async\" class=\"wp-image-528 size-full alignright\" src=\"http:\/\/v1011.lx17.ihr-host.de\/wp-content\/uploads\/2018\/10\/Adventgemeinde_Mottobild_DB_2018-09-19.jpg\" alt=\"\" width=\"372\" height=\"372\" srcset=\"https:\/\/adventisten-neuburg.de\/wp-content\/uploads\/2018\/10\/Adventgemeinde_Mottobild_DB_2018-09-19.jpg 372w, https:\/\/adventisten-neuburg.de\/wp-content\/uploads\/2018\/10\/Adventgemeinde_Mottobild_DB_2018-09-19-150x150.jpg 150w, https:\/\/adventisten-neuburg.de\/wp-content\/uploads\/2018\/10\/Adventgemeinde_Mottobild_DB_2018-09-19-350x350.jpg 350w\" sizes=\"auto, (max-width: 372px) 100vw, 372px\" \/><\/p>\n<h5>schaffen wir durch bedingungslose<br \/>\nAnnahme ein geistliches Zuhause f\u00fcr<br \/>\nuns und Andere.<\/h5>\n<h5>Deshalb investieren<br \/>\nwir in ein gemeinschaftsf\u00f6rderndes Miteinander.<\/h5>\n<h5>Nach Jesu Vorbild wollen wir einander vergeben und pflegen ein wertsch\u00e4tzende Kommunikation.<\/h5>\n<h5>Die Vielfalt in unserer Gemeinde sehen wir als Geschenk Gottes. Daher achten wir in unseren Gottesdiensten die unterschiedlichen spirituellen Bed\u00fcrfnisse.<\/h5>\n<p style=\"text-align: center;\">\n<h2><\/h2>\n<h2><\/h2>\n<h2 style=\"text-align: center;\">Hope Media News<\/h2>\n<p style=\"text-align: center;\"><div class=\"feedzy-ff09440d8eab4497ca59ffde2e7ad379 feedzy-rss\"><ul>Der Feed hat keine Eintr\u00e4ge.<\/ul> <\/div><\/p>\n<h2 style=\"text-align: center;\">Hope Channel Live<\/h2>\n<p style=\"text-align: center;\"><iframe loading=\"lazy\" src=\"https:\/\/app.jetstream.studio\/livestream\/embed\/jsl:AQfP7b5HoTMGSuxdqbkC\" width=\"500\" height=\"300\" allowfullscreen=\"allowfullscreen\"><\/iframe><\/p>\n","protected":false},"excerpt":{"rendered":"<p>schaffen wir durch bedingungslose Annahme ein geistliches Zuhause f\u00fcr uns und Andere. Deshalb investieren wir in ein gemeinschaftsf\u00f6rderndes Miteinander. Nach Jesu Vorbild wollen wir einander vergeben und pflegen ein wertsch\u00e4tzende Kommunikation. Die Vielfalt in unserer Gemeinde sehen wir als Geschenk Gottes. Daher achten wir in unseren Gottesdiensten die unterschiedlichen spirituellen Bed\u00fcrfnisse. Hope Media News Hope &hellip; <a href=\"https:\/\/adventisten-neuburg.de\/\">Continued<\/a><\/p>\n","protected":false},"author":1,"featured_media":0,"parent":0,"menu_order":0,"comment_status":"closed","ping_status":"closed","template":"template-home.php","meta":[],"class_list":["post-11","page","type-page","status-publish","hentry","odd"],"_links":{"self":[{"href":"https:\/\/adventisten-neuburg.de\/index.php?rest_route=\/wp\/v2\/pages\/11","targetHints":{"allow":["GET"]}}],"collection":[{"href":"https:\/\/adventisten-neuburg.de\/index.php?rest_route=\/wp\/v2\/pages"}],"about":[{"href":"https:\/\/adventisten-neuburg.de\/index.php?rest_route=\/wp\/v2\/types\/page"}],"author":[{"embeddable":true,"href":"https:\/\/adventisten-neuburg.de\/index.php?rest_route=\/wp\/v2\/users\/1"}],"replies":[{"embeddable":true,"href":"https:\/\/adventisten-neuburg.de\/index.php?rest_route=%2Fwp%2Fv2%2Fcomments&post=11"}],"version-history":[{"count":0,"href":"https:\/\/adventisten-neuburg.de\/index.php?rest_route=\/wp\/v2\/pages\/11\/revisions"}],"wp:attachment":[{"href":"https:\/\/adventisten-neuburg.de\/index.php?rest_route=%2Fwp%2Fv2%2Fmedia&parent=11"}],"curies":[{"name":"wp","href":"https:\/\/api.w.org\/{rel}","templated":true}]}}